))). Calculate the greatest common divisor of 147 and j.
7
Let y be 76/57*(5209/2 + 1). Calculate the greatest common divisor of 18 and y.
18
Suppose -3*c = 2*s - 1, 2*s - 10*c = -8*c + 16. Calculate the greatest common divisor of 17 and s.
1
Suppose -7*g - 116 = 38. Let l = g - -32. Calculate the greatest common factor of l and 40.
10
Let t(h) = -h - 19. Let n be t(-27). Suppose 5*r - 3*r = 48. What is the highest common divisor of n and r?
8
Suppose 3*g + i = 27, 5*i = 3*g - 27 - 18. Let r be 73 + (-3)/6*(-42)/(-7). What is the greatest common factor of g and r?
10
Let n(c) = -c + 2. Let i be n(0). Suppose -3*h - i*h = -30. Suppose 0 = -b - 4*d + h + 6, -2*b = 4*d - 36. Calculate the greatest common factor of b and 3.
3
Let r(c) = 7*c + 3. Let w be r(3). Suppose 14 = d - 2. What is the greatest common factor of d and w?
8
Let k(b) = 137*b - 4. Let c be k(3). Suppose 27 - c = -5*j. Let u(n) = -n + 5. Let l be u(-14). What is the greatest common factor of l and j?
19
Suppose 15*a - 13*a - 4 = 0. Suppose -a*f + 4*f = -102. Let h = f - -87. Calculate the highest common factor of h and 12.
12
Suppose -15*w = -8*w - 182. What is the highest common factor of w and 468?
26
Let q(d) = -168*d + 1. Let y be q(-1). Let v = -8943 + 8956. What is the greatest common divisor of v and y?
13
Let g = -135 + 231. Let d(q) = -q**3 - 6*q**2 + 16*q + 12. Let c be d(-8). Calculate the highest common divisor of g and c.
12
Suppose 45 = 2*h - 243. What is the highest common divisor of 63 and h?
9
Let s(x) = 3*x + 2. Let z be s(4). Let f be 0*(-4 + (-7)/(-2)). Suppose 2*c - 3*c + 28 = f. What is the greatest common divisor of z and c?
14
Let d be ((-68)/(-6))/(-1*2/(-12)). What is the greatest common divisor of d and 612?
68
Let c be -3 + 5*(1 + 4 + -4). What is the highest common divisor of c and 14?
2
Suppose -3*h = -4*a - 0*h + 383, -3 = 3*h. Suppose -3*x - q = -58, -20*x = -25*x - 3*q + 98. What is the highest common factor of x and a?
19
Let a be (-48)/(-5)*((-40)/(-12) + -4 - -4). Suppose m = 26 - 10. Calculate the greatest common factor of a and m.
16
Let m be (-6)/39 + (-12)/(-78). Suppose -6*v + 3*v + 3 = m. Let s be (0 + v)/((-17)/(-459)). What is the greatest common divisor of s and 27?
27
Let s be 2/(-8) + (-18)/(-8). Let w(h) = h**3 - 15*h**2 - 3*h - 67. Let d be w(15). Let c = d - -118. Calculate the highest common factor of s and c.
2
Let f = 215 - 173. Calculate the highest common divisor of 6 and f.
6
Let l = 131 - 128. Let j be 253/l - (-13)/(-39). What is the greatest common divisor of 21 and j?
21
Suppose -2*d + 15 = -25. Suppose 0 = -2*p - p - 54. Let v = -13 - p. Calculate the highest common factor of v and d.
5
Let t be 2/(-10) - 102/(-10). Suppose -6 = -2*o, -3*r + 2*r = -o - 37. Calculate the greatest common factor of t and r.
10
Let m = 49 + -29. Let g(a) be the third derivative of a**4/6 - 7*a**3/3 + 2*a**2. Let v be g(11). What is the highest common factor of m and v?
10
Suppose 4*b - 34 = -2*y + b, -5*b = 0. Let q(m) = 40*m - 87. Let f be q(6). Calculate the greatest common factor of y and f.
17
Suppose -2*x - 108 = -5*n, -3*n + 84 = 5*x + 323. Let d = 74 + x. What is the greatest common factor of 10 and d?
5
Suppose 10 = 10*i - 5*i. Suppose 5*a - 2*y = 196, 4*a = -3*y - i*y + 137. What is the greatest common factor of 418 and a?
38
Let z(v) = 12*v**3 + 6*v**2 - 3. Let t be z(2). Calculate the highest common divisor of t and 9.
9
Let k = -18 + 39. Suppose 62*p - 124*p + 58*p = -140. What is the highest common factor of p and k?
7
Let m = 719 + -709. Calculate the highest common factor of 1210 and m.
10
Let v(o) = o**3 - o**2 - o + 12. Let h be v(13). Suppose -1537 = -18*f + h. What is the highest common divisor of f and 18?
18
Let s = -108 - -141. Calculate the greatest common divisor of 11 and s.
11
Let f be 10524/45 - 52/(-390). What is the greatest common divisor of 18 and f?
18
Let i(c) = c - 1. Let q(p) = -11*p + 5. Let h(s) = 4*i(s) - q(s). Let a be h(9). Calculate the greatest common factor of 18 and a.
18
Let x be 4/4 + 18 - 3. Let j = -2 + x. Let t = j - -6. What is the highest common divisor of t and 20?
20
Suppose -94 + 31 = -3*i - 3*q, 4*i - 85 = -5*q. Suppose 0 = 12*d + 2*d - 420. What is the greatest common divisor of d and i?
10
Let r(b) = 28*b**2 - 3*b - 6. Let y be r(2). Calculate the greatest common factor of 150 and y.
50
Let z(g) = g**3 + 15*g**2 + 14*g + 36. Let t be z(-14). What is the greatest common divisor of 90 and t?
18
Let d be 405/10*2/(-3). Let k(l) = 9*l - 4. Let a be k(6). Let s be a/6*d/(-15). What is the greatest common factor of 105 and s?
15
Let h = 52 + -37. Suppose -v - h + 3 = -4*c, c + 6 = -2*v. Let f = 14 + v. Calculate the highest common factor of 5 and f.
5
Let f(s) = -s**2 + 4*s + 4. Let b be f(4). Suppose -n + 5*n = 0. Suppose n*y = 3*y - 60. What is the greatest common divisor of y and b?
4
Suppose -30 = -z + 50. Calculate the highest common divisor of 5 and z.
5
Let c = 240 + -208. Calculate the greatest common divisor of c and 160.
32
Suppose -337*b + 1120 = -317*b. What is the greatest common factor of 154 and b?
14
Suppose 15*g - 33 = 4*g. Let k(z) = 21*z**3 - 2*z**2 + 3*z - 1. Let r be k(2). Suppose 0 = g*t - r - 135. Calculate the greatest common divisor of 40 and t.
20
Let d = 14 - -30. Let p = d + -22. What is the highest common divisor of 198 and p?
22
Let u = 2220 + -2218. Calculate the greatest common factor of u and 54.
2
Let w = 5 + 3. Let z be (-20)/w*2*-12. Suppose o - 36 = -o - 4*l, -2*l + z = 4*o. What is the highest common divisor of 70 and o?
14
Suppose 258 + 8 = r. Calculate the highest common divisor of r and 14.
14
Let z = 1836 + 1431. What is the highest common factor of 121 and z?
121
Let i(x) = x**2 + 12*x + 15. Let f be i(-10). Let m = 5 - f. Suppose -2 = z - m. Calculate the highest common factor of z and 72.
8
Let q(y) = y**3 - 6*y**2 - 6*y - 8. Let b be q(7). Let s be b*(2 + -2 - 17). Calculate the highest common factor of s and 85.
17
Suppose 4*d + 4*b = 0, -3*b - 19 = -2*d + 6. Suppose 2*y - 23 = -d. What is the greatest common factor of y and 18?
9
Let l(z) = -z**3 + z**2 + 4*z + 1. Let s be l(-2). Suppose 5*b + 30 = k, -s*b + 38 - 98 = -4*k. Calculate the highest common divisor of k and 80.
10
Suppose -6*w - 52 = -8*w. Let t = 117 + -52. Calculate the greatest common divisor of t and w.
13
Suppose 4 = -d + 6. Suppose -2*i - 50 = -d*p - p, -4*p + i + 75 = 0. What is the highest common divisor of 15 and p?
5
Suppose -8*t + 39*t = 744. Calculate the greatest common factor of t and 408.
24
Suppose 12 = 6*p - 2*p. Suppose r + 0*r - 3*c = 76, 3*c = -p*r + 276. Let l be (-7)/(-21) + 32/3. What is the highest common divisor of r and l?
11
Suppose 4*j + 8 = 8*j. Suppose j*a - 58 = -14. Let f = -187 + 341. Calculate the highest common divisor of f and a.
22
Let p = -73 + 307. What is the highest common divisor of p and 36?
18
Suppose h + 4 = 1. Let p be (h/6)/(6/(-96)). Calculate the greatest common divisor of 16 and p.
8
Let t be 1 - -146 - (-7 + 6). Suppose 3*w - 5*u - t = 30, u + 56 = w. Let q(j) = -23*j - 104. Let n be q(-6). What is the highest common divisor of w and n?
17
Suppose 6*p = 127 + 221. Suppose l - 4*w = 22, 4*l - 15 = w + p. Calculate the highest common divisor of 126 and l.
18
Let c be 2/2 + 5 - -2. What is the greatest common factor of c and 392?
8
Suppose 2*d - 2 = -2*v + 4, 3*d - 4 = -4*v. What is the highest common divisor of d and 28?
4
Suppose -52 = -t + 60. Suppose -3 = -4*s + 5*s. Let r be (s - 51/(-9))*6. What is the highest common divisor of t and r?
16
Let w(h) = 4*h - 14. Let r be w(4). Let p be (r + 51/(-12))*-4. What is the greatest common factor of p and 63?
9
Let b be 4/(-14) - 25758/(-189). Calculate the highest common divisor of b and 51.
17
Let s(l) = 3*l**3 - l + 1. Let j be s(1). Let v be -2 + j - (-8)/2. Let o(d) = -d - 3. Let x be o(-4). Calculate the greatest common divisor of v and x.
1
Let x(f) = f**3 - 4*f**2 - 11*f - 19. Let k be x(7). Suppose 4*b - 495 - 117 = 0. Calculate the highest common divisor of k and b.
51
Let z be (-7)/(49/(-77))*(-12)/(-22). Suppose 0*o = 3*o + 15. Let m be ((-2)/o)/(z/360). What is the highest common factor of 16 and m?
8
Let k = -2586 + 2598. Calculate the greatest common divisor of 2220 an